 33*v**2 + 259*v + 374. Calculate a(-22).
0
Let m(z) = z**3 + 14*z**2 + 43*z + 46. Determine m(-10).
16
Let k(m) = -2*m**2 - 48*m - 248. Determine k(-6).
-32
Let d(x) = 2*x**3 - 3*x**2 - 31*x + 189. Determine d(5).
209
Let a(o) = -o**3 + 18*o**2 - 39*o - 65. Calculate a(14).
173
Let a(r) = -r**3 - 37*r**2 + 83*r + 88. Determine a(-39).
-107
Let p(i) = -6*i**3 - 4*i**2 - 4*i - 3. What is p(-3)?
135
Let x(m) = m**3 + 48*m**2 - 221*m - 18751. Calculate x(-43).
-3
Let c(r) = -r**3 + 48*r**2 + 262*r + 155. Give c(53).
-4
Let m(l) = 4*l**3 + 4*l**2 - 2*l + 2. What is m(2)?
46
Let y(a) = -2*a**2 + 65*a - 489. Determine y(12).
3
Let s(f) = -f**3 - 2*f**2 + 50*f - 6. Determine s(6).
6
Let j(d) = -d**3 + 27*d**2 - 136*d + 225. Determine j(21).
15
Let b(d) = 19*d - 1340. What is b(67)?
-67
Let q(a) = -2*a**2 - 15*a - 13. Determine q(-5).
12
Let o(f) = 10*f**3 - 6*f**2 + 9*f + 58. Determine o(-4).
-714
Let y(x) = 3*x**3 - 22*x**2 - 58*x - 161. What is y(10)?
59
Let v(g) = 554*g - 51534. Determine v(93).
-12
Let t(v) = -v**3 - 94*v**2 + 4517*v + 251. Give t(-129).
-7
Let h(u) = u**2 - 48*u - 537. What is h(60)?
183
Let u(v) = -29*v - 2409. Calculate u(-83).
-2
Let j(c) = 43*c + 543. Give j(-13).
-16
Let z(w) = 146*w**2 + 871*w - 25. What is z(-6)?
5
Let o(f) = -21*f**2 + 1895*f - 456. What is o(90)?
-6
Let s(y) = -16*y**2 + 3*y + 8. Determine s(-2).
-62
Let d(q) = q**3 + 11*q**2 - 23*q + 30. What is d(-13)?
-9
Let l(r) = -55*r**2 + 767*r + 43. Give l(14).
1
Let q(a) = 11*a**3 - 31*a**2 - 33*a + 143. What is q(5)?
578
Let a(s) = -5*s**2 + 103*s + 149. Determine a(22).
-5
Let o(f) = f**3 + 31*f**2 - 30*f + 83. Determine o(-32).
19
Let u(h) = -2*h**3 + 47*h**2 + 26*h - 54. Give u(24).
-6
Let v(p) = 32*p - 918. Calculate v(29).
10
Let j(s) = s**3 + 61*s**2 - 485*s + 65. Determine j(7).
2
Let b(i) = -406*i + 1221. Determine b(3).
3
Let w(u) = 662*u - 279363. What is w(422)?
1
Let h(s) = -26*s - 691. Give h(-26).
-15
Let q(d) = 4*d**2 + 129*d + 28. Give q(-32).
-4
Let r(m) = 2*m - 205. What is r(0)?
-205
Let s(z) = -z**3 + 5*z**2 + 38*z - 24. What is s(9)?
-6
Let y(a) = 181*a - 522. Determine y(3).
21
Let d(z) = z**2 + 105*z + 773. What is d(-97)?
-3
Let v(h) = 93*h - 1863. What is v(20)?
-3
Let r(i) = 2*i**2 - 11*i - 14. Calculate r(4).
-26
Let q(v) = v**3 - 13*v**2 + 47*v - 37. What is q(7)?
-2
Let d(f) = -198*f - 25. Determine d(-2).
371
Let g(i) = -29*i - 61. What is g(-3)?
26
Let n(x) = 138*x + 7566. Give n(-55).
-24
Let t(x) = -x**3 + 55*x**2 - 297*x + 149. Give t(49).
2
Let l(y) = 147*y - 10869. What is l(74)?
9
Let k(f) = f**2 + 146*f - 2153. Determine k(14).
87
Let z(i) = i**3 - 64*i**2 + 58*i + 321. Calculate z(63).
6
Let a(w) = -27*w - 2588. Determine a(-96).
4
Let k(s) = -s**3 - 37*s**2 + 96*s - 953. What is k(-40)?
7
Let r(m) = -m**3 - 52*m**2 - 651*m - 11. Give r(-31).
-11
Let z(v) = -v**2 - 349*v - 1049. What is z(-3)?
-11
Let d(z) = 3*z**3 + 36*z**2 - 37*z + 3. Determine d(1).
5
Let x(o) = -o**3 + 10*o**2 + 29*o + 8. Determine x(-2).
-2
Let o(i) = 3*i**2 + 33*i + 109. Determine o(-10).
79
Let a(v) = 8*v + 36. Determine a(20).
196
Let g(k) = 311*k - 42927. Determine g(138).
-9
Let v(a) = -11*a**2 - 199*a + 766. Give v(4).
-206
Let x(i) = -3*i**2 + 141*i - 941. What is x(7)?
-101
Let w(n) = 10*n**2 - 94*n + 20. Calculate w(9).
-16
Let k(g) = -3*g**2 + 55*g - 38. What is k(15)?
112
Let p(m) = 42*m - 293. Calculate p(8).
43
Let y(w) = 47*w - 65. Give y(1).
-18
Let h(c) = 1107*c - 5515. Determine h(5).
20
Let m(v) = v**2 - 14*v - 580. Calculate m(-18).
-4
Let d(a) = -a**3 - 25*a**2 + 27*a + 688. Determine d(-25).
13
Let t(d) = 15*d**2 - 103*d + 8. Calculate t(6).
-70
Let z(y) = -2*y**3 - 29*y**2 - 8*y + 33. Determine z(-14).
-51
Let t(o) = -o**3 + 8*o**2 + 80*o - 646. Determine t(8).
-6
Let v(h) = 39*h**2 - 172*h - 92. What is v(5)?
23
Let l(z) = -21*z**2 - 78*z + 470. What is l(5)?
-445
Let r(i) = 22*i**2 - 503*i + 1010. Determine r(2).
92
Let o(g) = g**3 + 6*g**2 + 117*g + 1582. Calculate o(-10).
12
Let l(r) = -1472*r**2 - 16191*r + 12. Determine l(-11).
1
Let u(t) = -647*t - 1931. Give u(-3).
10
Let w(l) = -43*l + 9469. Determine w(220).
9
Let t(i) = 35*i + 197. What is t(0)?
197
Let k(i) = 2*i**2 - 18*i + 11. Determine k(0).
11
Let u(p) = -p**3 + 128*p + 531. Calculate u(-5).
16
Let o(v) = 6*v**2 + 86*v + 241. What is o(-4)?
-7
Let d(z) = -21*z + 366. Calculate d(17).
9
Let i(p) = -p**3 - 9*p**2 + 29*p + 63. Calculate i(-12).
147
Let i(t) = 2*t**3 - 4*t**2 + 5*t - 3. Calculate i(1).
0
Let n(j) = -260*j - 6249. Give n(-24).
-9
Let m(p) = 27*p**2 - 909*p + 36. Determine m(34).
342
Let l(c) = -6*c + 178. Give l(-34).
382
Let u(s) = -10*s**3 + 295*s**2 - 149*s + 125. What is u(29)?
9
Let z(y) = -y**3 - 20*y**2 + 40*y - 7. Give z(2).
-15
Let a(w) = 34*w - 69. Determine a(6).
135
Let c(h) = -9848*h + 39349. Give c(4).
-43
Let o(l) = -l**3 + 6*l**2 + 24*l - 24. Give o(9).
-51
Let h(c) = c**2 - 22*c + 33. Determine h(23).
56
Let q(j) = -69*j + 695. Determine q(10).
5
Let p(t) = -435*t - 188. Give p(-1).
247
Let x(r) = 8*r + 4. What is x(-3)?
-20
Let a(q) = 3*q**2 - 75*q + 386. Calculate a(15).
-64
Let j(v) = -264*v - 1363. Determine j(-5).
-43
Let p(h) = 26*h**2 - 697*h - 884. Determine p(28).
-16
Let u(r) = 2*r**3 + 49*r**2 + 32*r. Give u(-24).
-192
Let r(y) = -y**2 + 5*y - 36. Determine r(7).
-50
Let o(u) = 49*u + 76. What is o(0)?
76
Let n(x) = x**3 - 19*x**2 + 61*x + 19. What is n(14)?
-107
Let f(m) = 69*m + 790. What is f(-11)?
31
Let u(a) = -33*a - 755. What is u(-23)?
4
Let v(f) = f**3 + 19*f**2 + 4*f + 2207. Determine v(-23).
-1
Let w(c) = 3*c**2 - c + 52. Calculate w(6).
154
Let u(f) = -f**2 + 74*f + 579. Give u(81).
12
Let t(p) = 5*p**2 + 159*p - 199. Determine t(-33).
-1
Let q(x) = -65*x + 130. Calculate q(2).
0
Let y(q) = 6*q**3 - 32*q**2 + 22*q + 37. Determine y(4).
-3
Let i(h) = h**2 + 52*h + 162. Give i(-45).
-153
Let m(u) = -u**3 - 42*u**2 + 284*u - 20. Calculate m(-48).
172
Let u(j) = j**3 + 39*j**2 + 38*j + 63. Calculate u(-38).
63
Let f(o) = -26*o + 344. What is f(13)?
6
Let k(v) = v**3 - 12*v**2 + 11*v + 3. Give k(5).
-117
Let r(j) = j**3 + 10*j**2 + 11*j + 22. Give r(-5).
92
Let z(l) = l**3 + 35*l**2 + 56*l + 1982. Give z(-35).
22
Let d(q) = 15*q**2 + 291*q + 112. Give d(-19).
-2
Let k(r) = -7*r**2 - 106*r - 198. Determine k(-13).
-3
Let y(q) = 5*q - 5. Determine y(0).
-5
Let k(p) = 9*p + 238. Give k(-26).
4
Let l(j) = -3*j**2 + 49*j - 52. What is l(15)?
8
Let c(x) = -35*x**2 - 735*x + 14. What is c(-21)?
14
Let r(o) = -4*o**3 + 79*o**2 + 23*o - 30. Give r(20).
30
Let x(z) = z**3 + 10*z**2 - 75*z + 14. Calculate x(-15).
14
Let z(k) = 100*k + 13511. Determine z(-135).
11
Let w(g) = 3*g**3 - 128*g**2 - 50*g + 364. What is w(43)?
63
Let n(t) = -126*t - 372. Determine n(-3).
6
Let a(l) = -2*l**3 + 9*l**2 - 3*l + 43. Calculate a(6).
-83
Let v(y) = -60*y**2 + 112*y + 24. Calculate v(2).
8
Let z(i) = -i**3 + 4*i**2 + 72*i - 321. Determine z(9).
-78
Let m(g) = 2*g**3 + 56*g**2 - 102*g + 566. Give m(-30).
26
Let u(w) = -w**3 + 61*w**2 + 790*w - 1. What is u(72)?
-145
Let t(u) = 2*u**3 - 111*u**2 - 62*u + 346. Calculate t(56).
10
Let t(j) = -19*j**2 + 168*j - 9. Determine t(9).
-36
Let o(u) = 13*u - 269. Give o(21).
4
Let z(p) = -89*p + 6908. What is z(80)?
-212
Let v(o) = -o**3 + 5*o**2 + 274*o - 1193. Give v(17).
-3
Let i(j) = -3*j**3 + 74*j**2 + 181*j + 216. What is i(27)?
0
Let y(g) = -g**3 - 2*g**2 + 15*g - 1. What is y(-4)?
-29
Let b(x) = -x**3 + 33*x**2 - 114*x - 62. Give b(29).
-4
Let a(j) = -3*j**2 - 41*j - 68. What is a(-17)?
-238
Let g(i) = 4*i**2 - 30*i - 123. What is g(-4)?
61
Let o(z) = -35*z - 1107. Give o(-36).
153
Let x(l) = -25*l**2 - 41*l - 4. What is x(-4)?
-240
Let r(j) = -14*j + 159. Determine r(13).
-23
Let o(b) = -736*b - 266. Give o(-1).
470
Let n(z) = -z**3 + 4*z**2 + 81*z + 21. What is n(11)?
65
Let n(u) = 9*u**2 + 262*u - 140. Give n(-30).
100
Let v(i) = -3*i**2 + 741*i - 30420. What is v(52)?
0
Let r(f) = -10*f**2 + 24*f - 55. What is r(2)?
-47
Let x(v) = -96*v - 365. What is x(-4)?
19
Let f(c) = -c**3 - c**2 - 6*c - 75. Determine f(-5).
55
Let w(j) = -49*j + 1621. Determine w(33).
4
Let u(y) = 14*y - 615. Calculate u(47).
43
Let v(x) = x**3 + 6*x**2 - 22*x - 59. Give v(-8).
-11
Let y(k) = -k**3 - 61*k**2 + 63*